 = -u - 6. Let z be w(-5). What is t(z)?
0
Let m be ((-96)/(-72))/(4 - (-6)/30*0). Let b(q) be the first derivative of -35 - 3*q - q**2 + m*q**3. What is b(3)?
0
Let p = -2235 + 2233. Let q(t) = 1 - 2*t + 3*t - 3*t. Determine q(p).
5
Let c(k) = 3*k - 8. Let l = 869 - 865. What is c(l)?
4
Let b be -1 - (12 - (5 + 3)). Let f(k) be the first derivative of -1/2*k**2 - 6*k - 3. What is f(b)?
-1
Let c(u) = -674*u + 5388. Let y be c(8). Let t(d) = d**3 + 3*d**2 - 3*d + 3. What is t(y)?
-1
Let i be (15/3)/((-7)/(-2) - 1). Let r(s) = -2 + i*s + 9 + 3*s + 2 - 4*s. Give r(-6).
3
Let q be ((-4)/(-12))/(5 - (-44)/(-9)). Let a(h) be the first derivative of -h**2/2 + 3*h - 6. What is a(q)?
0
Let p(m) = m**3 + m**2 + m + 1. Suppose 2*c = 4*u - 2*u - 8, c + 16 = 5*u. Let v be (c - 2)/((-9)/(-9)). Give p(v).
-20
Let t(m) be the first derivative of m**3/3 - 11*m**2/2 + 6*m - 6. Let g be (680/(-510))/((-4)/30). Give t(g).
-4
Suppose 52*j - 48*j = 76. Let r(u) = -j*u**2 + 58*u**2 - 23*u**2 - u**3 + 3 + 3*u - 18*u**2. Determine r(-2).
-3
Let z(f) = 1. Suppose -b + 4*b + 15 = 0, 119 = 3*d + 2*b. Let r = 44 - d. Let y(h) = 2*h + 8. Let m(u) = r*y(u) - 4*z(u). Calculate m(-5).
-6
Let a be -1 + 0 + (-96)/(-128) + (-19)/4. Let g(p) = 46*p + 229. Give g(a).
-1
Let k(t) = -30 - t**2 + 17 + 18 - 6*t**2 + 5*t. Let i(p) = 3*p**2 - 2*p - 3. Let u(o) = 5*i(o) + 2*k(o). Determine u(3).
4
Let w(c) = 2*c**2 + 9*c + 8. Let d = 3124 + -3130. What is w(d)?
26
Let n(j) = j**2 + 6*j. Let v be (-38)/6 + 32/(-48). Let l be n(v). Let p(z) = 6*z + 0 - l + 4. Calculate p(3).
15
Let p be (7 + -3)/(-2) - -11. Let z(y) be the third derivative of y**5/60 - 5*y**4/12 + 11*y**3/6 + y**2 + 67*y. What is z(p)?
2
Let k(r) be the third derivative of r**6/360 + r**5/15 - r**4/12 - 17*r**3/6 - 3*r**2 + 10*r. Let j(q) be the first derivative of k(q). Give j(-4).
-18
Let p(i) = 343 - 334 - i - i. Let f be p(2). Suppose 4*s - 2 = f*s. Let u(a) = -a**2 - 2*a - 1. What is u(s)?
-1
Let c(l) = l**3 + 6*l**2 - 6*l + 6. Let j = 789 + -740. Suppose 468*g + j = 461*g. Calculate c(g).
-1
Let p(k) be the first derivative of -1/2*k**2 + 4 + 1/3*k**3 - 3*k. Let u be p(3). Let c(g) = -g**2 + 2*g - 1. What is c(u)?
-4
Let c(h) = -596*h + 4 - 586*h + 1219*h. Calculate c(-1).
-33
Let w = -2711 - -2701. Let b(f) = f**3 + 11*f**2 + 8*f - 32. Calculate b(w).
-12
Let u(s) = 7*s. Let y(j) = -6*j - 7 + 4 + 2. Let a(v) = 4*u(v) + 5*y(v). Suppose -3*g - 2 = -43*d + 41*d, -2*d - 5*g + 18 = 0. Determine a(d).
-13
Let b be -1 + (9 + -8)*-16. Let n(h) = 2*h + 20. Calculate n(b).
-14
Let w(o) = -2*o + 4. Let r(g) = g**2 + 11*g + 42. Let u be r(-11). Suppose 22*x - u = 8*x. What is w(x)?
-2
Let t(l) = l**3 + 5*l**2 + 5*l + 4. Let y = 122 - 271. Let m = y - -145. Calculate t(m).
0
Let g(w) be the third derivative of -w**5/60 + w**4/8 - 32*w**2. Suppose 1 = 10*x - 29. Determine g(x).
0
Let n(o) = -4*o**3 + 19*o**2 + 7*o + 29. Let k(l) = 3*l**3 - 18*l**2 - 9*l - 27. Let j(b) = -5*k(b) - 4*n(b). Calculate j(-13).
-33
Let g(a) = -a**2 - 11*a - 10. Suppose 7*z + 0 = -49. Let p be (z/(63/(-24)))/((-1)/3). What is g(p)?
14
Let l(b) = 43*b**3 + 10*b**2 + 44*b - 19. Let t(r) = 6*r**3 - r**2 + 4*r + 1. Let o(v) = -l(v) + 7*t(v). What is o(-16)?
26
Let m(w) = -35*w - 28. Suppose -24*s - 70 + 0 = 2. Determine m(s).
77
Let g(l) = 5*l**3 + 26*l**2 - 116*l + 564. Let b(j) = j**3 + 6*j**2 - 29*j + 141. Let w(d) = 9*b(d) - 2*g(d). Calculate w(4).
-7
Let v be -14*3/(-42) - 5. Let y(r) = -11*r - 51. Determine y(v).
-7
Let t be (-3 - 0)/((-15)/10). Let n(x) = 2 - x**2 - 4 - 21*x + 2*x**2 + 17*x + x**2 + 6*x. Give n(t).
10
Let p(g) = 29*g**2 - 2*g + 1. Let y(k) = -k + 13. Let l(f) = 2*f - 15. Let j(t) = -4*l(t) - 5*y(t). Let b be j(-2). Calculate p(b).
28
Suppose -21*j - 90 = -30*j. Let v(w) = -2 + 438*w - j*w**2 - 891*w + 442*w + w**3. Suppose -4 - 7 = -l. Give v(l).
-2
Let x(m) = 0 + 11*m - 7 - 7 + 7 - 3*m**2. Let r(v) = -5*v**2 + 17*v - 11. Let t(u) = -5*r(u) + 8*x(u). Calculate t(3).
17
Let h(u) = -2*u + 3. Let q(i) = -1. Let d(g) = h(g) + 2*q(g). Let o = -413 - -418. Suppose -4*f - 43 + 63 = 4*n, -o*n = f - 33. Determine d(n).
-13
Let c = 4 + -2. Let g(f) = -f + 0 + 2 - 2 + 2 - f**3 + f**c. Let i(x) = x**2 - 35*x + 96. Let d be i(32). What is g(d)?
2
Let b(j) = -j**2 + 2*j + 4. Let l be (-6)/(-39) - (-940)/(-26). Let z be (4/(-9))/(4/l). Give b(z).
-4
Let s(w) = -w**3 + 21*w**2 + 19*w + 67. Let v(o) = o**3 - 13*o**2 - 6*o + 100. Let q be v(13). What is s(q)?
1
Suppose -138*q = -107*q. Let s(v) = -7*v**2 - 7*v - 6. Let w(y) = -13*y**2 - 13*y - 11. Let d = -8 - 3. Let r(x) = d*s(x) + 6*w(x). Calculate r(q).
0
Suppose -130*c - 415 = -155. Let s(n) = n**3 - 2*n**2 - n + 1. Let t(p) = -6*p**3 + 2*p**2 + 2*p. Let a(v) = -s(v) - t(v). Give a(c).
-39
Let h(t) = 3*t**2 - t - 7. Suppose 20 = 5*y + 2*q, 183 = -y - q + 190. What is h(y)?
3
Let m(x) be the first derivative of -3*x**2/2 + x - 1649. Let u(b) = -b. Let h be u(-7). Suppose 0 = 4*y - a + 22, -5*a - 3 = 4*y + h. Calculate m(y).
16
Let o be ((-6)/14)/(13/182). Let r(p) = -p**2 - 6*p + 8. Determine r(o).
8
Let g(f) = -f**2 + 9*f - 18. Let l be (528/3)/(68/102). Suppose -58*w + l = -25*w. Determine g(w).
-10
Let d(r) = -r**2 - 3*r + 926. Let y be 54/621 + 8856/(-276). Determine d(y).
-2
Let k = 4 - 6. Let s(b) = -5*b**2 + b + 189. Let v(j) = -4*j**2 + 188. Let a(d) = 3*s(d) - 4*v(d). Let x(p) be the first derivative of a(p). Calculate x(k).
-1
Let j(k) = 74*k - 44. Let n(g) = -199*g + 131. Let a(v) = 8*j(v) + 3*n(v). Determine a(7).
6
Let b(w) be the first derivative of -w**5/60 + w**4/4 + 5*w**3/3 + 25*w**2 - 13. Let n(k) be the second derivative of b(k). Determine n(8).
-6
Let g = 1178 - 1178. Let f(n) = 18*n**2 - 6*n. Let b be f(4). Let j(d) = -d + d**2 + b + g*d - 269. Give j(5).
15
Let z(o) be the first derivative of -o**4/4 - o**3 + 15*o**2/2 - 4*o - 1896. Give z(2).
6
Let z(w) = 887*w - 7. Let q(l) = 4583*l - 36. Let o(t) = -6*q(t) + 31*z(t). Let u be (-6)/4 + (-2)/(-4). Calculate o(u).
0
Let f(u) = 5*u - 49. Let h = -1947 - -1975. What is f(h)?
91
Let s(r) = r**2 + 2*r. Let l(m) = m**3 - 9*m**2 + 2*m + 6. Let k(y) = l(y) + 2*s(y). Suppose 2*n - 4*z = -2*n + 32, -3*z = -2*n + 18. Calculate k(n).
6
Let o(y) = -1 - 40 + 7 + 7*y - 48*y - 7. Let g be o(-1). Let l(z) = z**2 - z - 22. Calculate l(g).
-22
Let b(r) = 2*r - 1. Let l(w) = w**2 + 4*w + 4. Let m(j) = -2*b(j) + l(j). Suppose 5 = 2*z - 7*z. Let a be z - -2 - (-17 - -18). What is m(a)?
6
Let t = 7 - 10. Let s(c) = c + 12. Let v be s(t). Let h(k) = -2*k**3 + v*k + 2 - 1 - 6*k**2 - k**3 + 2*k**3. What is h(-7)?
-13
Let b(n) be the second derivative of -n**5/20 - 7*n**4/12 - n**3 - 7*n**2/2 + 1140*n. What is b(-7)?
35
Let b be 4446/1102 - 25/725. Let r(c) be the third derivative of -c**5/60 + c**4/6 + c**3/3 + c**2. Calculate r(b).
2
Let o(i) = -i**2 + 58*i - 29. Let t(w) = -w**2 + 24*w - 1. Let y(d) = -o(d) + 2*t(d). Calculate y(-12).
3
Let s = 729 + -725. Let h(v) = -3*v - 2*v + 39*v**3 - 21*v**3 - 12*v**3 - 7*v**3 + s - 7*v**2. What is h(-6)?
-2
Let y(o) = o - 6. Let l = 19160 + -19147. What is y(l)?
7
Let c(o) = -10. Let q(r) = -22. Let v(x) = 13*c(x) - 6*q(x). Let i(a) = -a + 3. Let t(f) = 4*i(f) - 5*v(f). What is t(2)?
-6
Let n = -56 + -13. Let h = 71 + n. Let b(z) = 0 + 3*z**3 + 3*z**h + 1 + z**3 - 2*z - 6*z**3. Give b(2).
-7
Let x(y) = 36*y - 3*y**2 + 43*y - 156*y + 42*y + 39*y + 3. What is x(3)?
-12
Let r(g) = g**3 + 18*g**2 + g + 34. Suppose -a + 72 = -4*h, -46*h + 51*h = 3*a - 90. Calculate r(h).
16
Let q be (-2 - 2)/(-2)*-1 - -6. Suppose -3*c + 16 = -0*p + p, -5*c = q*p - 29. Let m(z) = p + z + 1 + 0*z - 3. What is m(3)?
2
Let d(r) be the first derivative of 2*r**2 - 3*r + 341. Determine d(-2).
-11
Let x(u) = u**3 - 5*u**2 - 3*u - 13. Let n(d) = -8 + 5*d - 9 + 9*d - 37*d. Let c be n(-1). Give x(c).
5
Let f(y) = 1 + 15*y + y**2 + 4 - 6 - 3*y. Let i = -16472 - -16461. Calculate f(i).
-12
Suppose -5*s = -4*q - 69, -5*q - 4743 = 2*s - 4698. Let b(c) be the second derivative of -c**4/12 + c**3/2 + 2*c**2 + c. What is b(s)?
-6
Let g(y) = -5*y**3 + 26*y**2 + 10*y + 21. Let r be 28/10 - (6/(-5) - -1). Let n(o) = 2*o**3 - 9*o**2 - 3*o - 7. Let x(l) = r*g(l) + 8*n(l). Give x(-5).
2
Let u(d) = -d**2 - 40*d - 146. Suppose -5*z - 2*h - 16 = 0, -